{"id":14,"date":"2024-06-11T06:49:47","date_gmt":"2024-06-11T06:49:47","guid":{"rendered":"https:\/\/xn--mhle-ramiswil-wob.ch\/cms\/?page_id=14"},"modified":"2025-10-02T11:13:32","modified_gmt":"2025-10-02T11:13:32","slug":"home","status":"publish","type":"page","link":"https:\/\/xn--mhle-ramiswil-wob.ch\/cms\/","title":{"rendered":"Home"},"content":{"rendered":"<p><img fetchpriority=\"high\" decoding=\"async\" class=\"aligncenter\" src=\"https:\/\/xn--mhle-ramiswil-wob.ch\/cms\/wp-content\/uploads\/2024\/06\/12164759png.png\" sizes=\"(max-width: 480px) 100vw, 480px\" srcset=\"https:\/\/xn--mhle-ramiswil-wob.ch\/cms\/wp-content\/uploads\/2024\/06\/12164759png.png 480w, https:\/\/xn--mhle-ramiswil-wob.ch\/cms\/wp-content\/uploads\/2024\/06\/12164759png-300x169.png 300w\" alt=\"\" width=\"480\" height=\"270\" \/><br \/>\n<img decoding=\"async\" class=\"aligncenter\" src=\"https:\/\/xn--mhle-ramiswil-wob.ch\/cms\/wp-content\/uploads\/2024\/06\/12159644-Muehle_Logo-45c48.png\" alt=\"\" width=\"115\" height=\"97\" \/><\/p>\n<h2 style=\"text-align: center;\">HERZLICH WILLKOMMEN<br \/>\nIN DER M\u00dcHLE RAMISWIL<\/h2>\n<p style=\"text-align: left;\">Im Jahre 1990 hat sich der letzte M\u00fcller, Otto H\u00e4feli-Tschumi entschlossen, das historisch wertvolle und unter Schutz stehende Geb\u00e4ude der Einwohnergemeinde M\u00fcmliswil-Ramiswil zu verkaufen.<br \/>\n1991 wurde der Verein M\u00fchle Ramiswil gegr\u00fcndet, welcher im Auftrag der Einwohnergemeinde, die M\u00fchle und die Einrichtungen unterh\u00e4lt und der \u00d6ffentlichkeit zug\u00e4nglich macht.<br \/>\nWeitere Informationen finden sie auf unserer Homepage.<\/p>\n<div class=\"nv-iframe-embed\"><iframe title=\"M\u00fchle Ramiswil\" width=\"1200\" height=\"675\" src=\"https:\/\/www.youtube.com\/embed\/WaEeLAoGgQw?feature=oembed\" frameborder=\"0\" allow=\"accelerometer; autoplay; clipboard-write; encrypted-media; gyroscope; picture-in-picture; web-share\" referrerpolicy=\"strict-origin-when-cross-origin\" allowfullscreen><\/iframe><\/div>\n<h3 style=\"text-align: left;\">\nN\u00e4chster \u00f6ffentlicher Anlass in der M\u00fchle\u200b\u200b\u200b\u200b\u200b\u200b\u200b<\/h3>\n<p>18.05.2025 Kulturtag Thal<\/p>\n<p>Wir haben offen von 10 bis 17 Uhr<\/p>\n<p>Es gibt Steaks, Bratw\u00fcrste und K\u00e4se vom Grill dazu Kartoffel und\/oder H\u00f6rnlisalat.<\/p>\n<p>Kaffee und Kuchen gibt es in unserem M\u00fchlekeller.<\/p>\n<p>Zu jeder vollen Stunde gibt es eine F\u00fchrung durch die M\u00fchle, welche in Betrieb ist.<\/p>\n","protected":false},"excerpt":{"rendered":"<p>HERZLICH WILLKOMMEN IN DER M\u00dcHLE RAMISWIL Im Jahre 1990 hat sich der letzte M\u00fcller, Otto H\u00e4feli-Tschumi entschlossen, das historisch wertvolle und unter Schutz stehende Geb\u00e4ude der Einwohnergemeinde M\u00fcmliswil-Ramiswil zu verkaufen. 1991 wurde der Verein M\u00fchle Ramiswil gegr\u00fcndet, welcher im Auftrag der Einwohnergemeinde, die M\u00fchle und die Einrichtungen unterh\u00e4lt und der \u00d6ffentlichkeit zug\u00e4nglich macht. Weitere Informationen&hellip;&nbsp;<a href=\"https:\/\/xn--mhle-ramiswil-wob.ch\/cms\/\" rel=\"bookmark\">Weiterlesen &raquo;<span class=\"screen-reader-text\">Home<\/span><\/a><\/p>\n","protected":false},"author":1,"featured_media":0,"parent":0,"menu_order":0,"comment_status":"closed","ping_status":"closed","template":"page-templates\/template-pagebuilder-full-width.php","meta":{"neve_meta_sidebar":"","neve_meta_container":"","neve_meta_enable_content_width":"","neve_meta_content_width":0,"neve_meta_title_alignment":"","neve_meta_author_avatar":"","neve_post_elements_order":"","neve_meta_disable_header":"","neve_meta_disable_footer":"","neve_meta_disable_title":"","footnotes":""},"class_list":["post-14","page","type-page","status-publish","hentry"],"_links":{"self":[{"href":"https:\/\/xn--mhle-ramiswil-wob.ch\/cms\/index.php?rest_route=\/wp\/v2\/pages\/14","targetHints":{"allow":["GET"]}}],"collection":[{"href":"https:\/\/xn--mhle-ramiswil-wob.ch\/cms\/index.php?rest_route=\/wp\/v2\/pages"}],"about":[{"href":"https:\/\/xn--mhle-ramiswil-wob.ch\/cms\/index.php?rest_route=\/wp\/v2\/types\/page"}],"author":[{"embeddable":true,"href":"https:\/\/xn--mhle-ramiswil-wob.ch\/cms\/index.php?rest_route=\/wp\/v2\/users\/1"}],"replies":[{"embeddable":true,"href":"https:\/\/xn--mhle-ramiswil-wob.ch\/cms\/index.php?rest_route=%2Fwp%2Fv2%2Fcomments&post=14"}],"version-history":[{"count":28,"href":"https:\/\/xn--mhle-ramiswil-wob.ch\/cms\/index.php?rest_route=\/wp\/v2\/pages\/14\/revisions"}],"predecessor-version":[{"id":441,"href":"https:\/\/xn--mhle-ramiswil-wob.ch\/cms\/index.php?rest_route=\/wp\/v2\/pages\/14\/revisions\/441"}],"wp:attachment":[{"href":"https:\/\/xn--mhle-ramiswil-wob.ch\/cms\/index.php?rest_route=%2Fwp%2Fv2%2Fmedia&parent=14"}],"curies":[{"name":"wp","href":"https:\/\/api.w.org\/{rel}","templated":true}]}}

<p><img fetchpriority="high" decoding="async" class="aligncenter" src="https://xn--mhle-ramiswil-wob.ch/cms/wp-content/uploads/2024/06/12164759png.png" sizes="(max-width: 480px) 100vw, 480px" srcset="https://xn--mhle-ramiswil-wob.ch/cms/wp-content/uploads/2024/06/12164759png.png 480w, https://xn--mhle-ramiswil-wob.ch/cms/wp-content/uploads/2024/06/12164759png-300x169.png 300w" alt="" width="480" height="270" /><br />
<img decoding="async" class="aligncenter" src="https://xn--mhle-ramiswil-wob.ch/cms/wp-content/uploads/2024/06/12159644-Muehle_Logo-45c48.png" alt="" width="115" height="97" /></p>
<h2 style="text-align: center;">HERZLICH WILLKOMMEN<br />
IN DER MÜHLE RAMISWIL</h2>
<p style="text-align: left;">Im Jahre 1990 hat sich der letzte Müller, Otto Häfeli-Tschumi entschlossen, das historisch wertvolle und unter Schutz stehende Gebäude der Einwohnergemeinde Mümliswil-Ramiswil zu verkaufen.<br />
1991 wurde der Verein Mühle Ramiswil gegründet, welcher im Auftrag der Einwohnergemeinde, die Mühle und die Einrichtungen unterhält und der Öffentlichkeit zugänglich macht.<br />
Weitere Informationen finden sie auf unserer Homepage.</p>
<div class="nv-iframe-embed"><iframe title="Mühle Ramiswil" width="1200" height="675" src="https://www.youtube.com/embed/WaEeLAoGgQw?feature=oembed" frameborder="0" allow="accelerometer; autoplay; clipboard-write; encrypted-media; gyroscope; picture-in-picture; web-share" referrerpolicy="strict-origin-when-cross-origin" allowfullscreen></iframe></div>
<h3 style="text-align: left;">
Nächster öffentlicher Anlass in der Mühle​​​​​​​</h3>
<p>18.05.2025 Kulturtag Thal</p>
<p>Wir haben offen von 10 bis 17 Uhr</p>
<p>Es gibt Steaks, Bratwürste und Käse vom Grill dazu Kartoffel und/oder Hörnlisalat.</p>
<p>Kaffee und Kuchen gibt es in unserem Mühlekeller.</p>
<p>Zu jeder vollen Stunde gibt es eine Führung durch die Mühle, welche in Betrieb ist.</p>

<p>HERZLICH WILLKOMMEN IN DER MÜHLE RAMISWIL Im Jahre 1990 hat sich der letzte Müller, Otto Häfeli-Tschumi entschlossen, das historisch wertvolle und unter Schutz stehende Gebäude der Einwohnergemeinde Mümliswil-Ramiswil zu verkaufen. 1991 wurde der Verein Mühle Ramiswil gegründet, welcher im Auftrag der Einwohnergemeinde, die Mühle und die Einrichtungen unterhält und der Öffentlichkeit zugänglich macht. Weitere Informationen&hellip;&nbsp;<a href="https://xn--mhle-ramiswil-wob.ch/cms/" rel="bookmark">Weiterlesen &raquo;<span class="screen-reader-text">Home</span></a></p>
